isor of r and 38?
38
Let a(y) = 2*y**2 + y - 1. Let c be a(1). Let x be 189/(c + 3/(-6)). What is the highest common factor of x and 18?
18
Suppose -13*g - 222 = -15*g. Calculate the greatest common factor of 37 and g.
37
Suppose 5*s - 22 = -7. Suppose -2*n - 3*y = n - 30, s = y. What is the highest common factor of n and 49?
7
Suppose 87 = 6*k - 15. What is the greatest common factor of k and 17?
17
Let m = 76 - 48. Let u = m - 4. Suppose -3*d = -12 - u. Calculate the highest common factor of 108 and d.
12
Suppose 2*x = 5*o + 60, 5*o - 35 = -3*x + 55. Suppose -4*v - x = -9*v. Calculate the highest common factor of v and 48.
6
Let v(j) = -7*j - 34. Let z be v(-19). Let q(d) = d**2 + 4*d - 10. Let i be q(-7). What is the highest common factor of i and z?
11
Let i = -12 - -16. Calculate the highest common factor of 8 and i.
4
Let p = -23 - -35. Calculate the greatest common divisor of 60 and p.
12
Let i(l) = -l**2 + 8*l + 13. Let g be i(9). Let t(n) = n**2 + 5*n + 6. Let h be t(-4). Calculate the highest common factor of h and g.
2
Suppose -12 = -2*o - 0*o. Let w = o - -57. Calculate the highest common divisor of 42 and w.
21
Let j(t) = -t**3 + 8*t**2 - 6*t + 1. Let d be j(7). What is the greatest common divisor of 4 and d?
4
Let p be (-1)/(-3) - 77/(-21). Suppose -p*w = -4*u + 128, -w = -2*w - 5*u - 20. Let t = 51 + w. What is the greatest common divisor of 84 and t?
21
Let f = -4 + 13. Calculate the greatest common divisor of f and 9.
9
Let y(o) = -o. Let l be y(-1). Let k be (6/(-4) + l)*2. Let p be k + 1 + 56/7. Calculate the greatest common divisor of 16 and p.
8
Suppose 0 = 2*x + a - 267, -2*x - 6*a + a + 255 = 0. Calculate the greatest common factor of x and 15.
15
Suppose 5*j - 13 = 92. Let x = j + -13. Suppose 0 = s - 3*s + x. What is the greatest common factor of 1 and s?
1
Let a = -62 + 90. What is the greatest common divisor of 7 and a?
7
Suppose 5*v = 2*v + 99. Let u = 18 + -15. Calculate the highest common divisor of v and u.
3
Let i(n) be the first derivative of -n**4/4 + 4*n**3/3 - 3*n**2/2 - 3*n + 2. Let v be i(3). Let d = 15 + v. What is the greatest common divisor of 108 and d?
12
Let w(z) be the first derivative of -z**4/4 + 7*z**3/3 + z**2/2 + 3*z - 1. Let d be w(6). Calculate the highest common divisor of 18 and d.
9
Let o(p) = -2*p**2 + 2. Let z be o(2). Let l = 7 - z. Suppose 0 = -3*t - 4*u + 20, -3*u - 37 = -t - l. Calculate the highest common factor of 3 and t.
3
Let b be 4/6 - 40/(-3). Let i(r) = -r - 10. Let q be i(-17). Calculate the highest common divisor of b and q.
7
Suppose 0 = 3*j - 82 + 1. Calculate the greatest common factor of 81 and j.
27
Let d(h) = 6*h**2 + 2*h + 1. Let v be d(-1). Let l = -4 + v. Let k be (l/2)/(4/160). Calculate the greatest common factor of 50 and k.
10
Let c be 60/8*160/6. What is the highest common factor of 25 and c?
25
Suppose 4*g = 2*g + 32. Calculate the greatest common factor of 24 and g.
8
Suppose 0 = -o + 2 + 30. Let r be (3 - -5)/(-1 - -2). What is the highest common divisor of o and r?
8
Suppose 3 = 4*w - 21. Let y be 3968/60 - 6/45. Calculate the greatest common divisor of y and w.
6
Suppose -10*y + 189 = -y. What is the highest common factor of y and 7?
7
Let r(u) = -9*u**3 + 2*u + 2. Let h be r(-2). Let f = h + -26. Calculate the greatest common factor of f and 4.
4
Let k be 53 + (-3)/3 - 0. Suppose 2*i = d + k, i - d + 0*d - 24 = 0. Let g = 5 + -1. Calculate the highest common factor of i and g.
4
Let y = -17 + 26. Let q be 3/(4/(20/3)). Let t = 14 - q. Calculate the greatest common divisor of y and t.
9
Suppose 2*w + 28 = n, n + 3*n - 115 = 5*w. What is the greatest common factor of n and 20?
10
Suppose -5*f + 27 = -48. Let r be 8/36 + 665/45. Calculate the greatest common factor of r and f.
15
Let c(v) = 6*v + 2. Let r be c(4). Suppose -5*i - 3*g + 204 = 0, -180 = -5*i + 5*g - 0*g. What is the greatest common factor of i and r?
13
Suppose -3*c - 226 = -5*w, -4*w - 2*c + 141 = -31. What is the greatest common divisor of w and 22?
22
Let t(m) be the first derivative of 2*m**3/3 + 5*m**2/2 - 3*m + 1. Let d be t(5). Calculate the highest common divisor of 9 and d.
9
Let k be 58 + 3/12*0. Suppose 3*x = 32 + k. Let c be (1/2)/((-2)/(-24)). What is the greatest common factor of x and c?
6
Suppose g = -13*g + 280. What is the highest common divisor of 8 and g?
4
Let k(x) = 5*x + 1. Let b be k(5). Suppose -5*l + 13 + 32 = o, -2*o + 150 = -5*l. What is the greatest common factor of o and b?
13
Let p be 30/7 - 8/28. Suppose -p*f + 69 + 43 = 0. Suppose -5*x + z + 80 = -f, -4*x + 94 = 3*z. What is the greatest common factor of x and 11?
11
Let m(k) = 13*k - 1. Let z be m(5). Let x = -38 + z. What is the highest common divisor of x and 13?
13
Let w = -4 + 7. Suppose -24 = w*y - 7*y. Calculate the greatest common factor of y and 42.
6
Suppose 8*v - 49 - 175 = 0. What is the highest common factor of v and 8?
4
Let n(d) = -d + 38. Let t be n(19). Suppose 3*u - 6 = 0, 5*v - 2*v = -3*u + 75. Let i = t + v. What is the greatest common divisor of i and 105?
21
Let o = -191 + 200. Calculate the greatest common factor of o and 18.
9
Suppose 3*b + 3*p = p - 21, 0 = -p. Let n = b - -4. Let i be 56/(-12)*1*n. What is the greatest common divisor of i and 14?
14
Suppose u - 3665 = -4*u. Let x be u/7 + (-8)/(-28). Calculate the greatest common divisor of x and 15.
15
Let y be -1 + (972/(-3))/(-4) - 3. What is the greatest common factor of 11 and y?
11
Suppose -5*p - o + 30 = 0, -6*o + 20 = 3*p - 5*o. Calculate the highest common divisor of p and 35.
5
Let c be 2/((-4)/2) - -6. Suppose -25 = -c*g + 25. Calculate the highest common divisor of 25 and g.
5
Let d be 22*((-84)/8)/(-7). What is the highest common factor of 55 and d?
11
Suppose 0*r - 5*r + 2*o + 125 = 0, 2*r - 50 = -5*o. What is the highest common factor of r and 50?
25
Let o be 27 + (-4)/12*-9. Calculate the highest common divisor of 12 and o.
6
Let a = -11 - -18. Let w be 233/11 - 10/55. What is the greatest common factor of w and a?
7
Suppose x = -0*k - 4*k, 0 = -x + 3*k + 21. Suppose 2*r - 12 = -h, 6*r - r = -2*h + 29. Suppose 5*m - h*m = 36. What is the greatest common factor of m and x?
12
Let h be -1 + 3 + 1 + 1. Let r = 10 + h. Let c = r - 6. What is the greatest common divisor of c and 88?
8
Let q be 5 + -4 - (-6)/2. What is the greatest common divisor of q and 12?
4
Let d be (1 - -10)/(-3 + 2). Let k = 15 + d. What is the greatest common divisor of 8 and k?
4
Suppose 10*f = 14*f - 44. What is the greatest common factor of f and 33?
11
Let n(t) = t**3 + 10*t**2 - 12*t - 9. Let g be n(-11). Suppose g*r = -2*r + 512. Calculate the greatest common divisor of r and 16.
16
Let w(k) be the first derivative of 2*k**3/3 + 2*k**2 + 2*k - 5. Let r be w(-3). What is the highest common factor of r and 24?
8
Let z(l) = 3*l - 6. Let k(d) = 12*d - 25. Let b(c) = -2*k(c) + 9*z(c). Let o be b(5). What is the greatest common factor of o and 33?
11
Let y(n) = -n**3 - 2*n**2 + 3*n + 4. Let d be y(-4). Calculate the highest common divisor of d and 216.
24
Let p = 307 - 92. What is the highest common factor of p and 86?
43
Let g(d) = -185*d + 2. Let c be g(-1). Calculate the greatest common divisor of 17 and c.
17
Suppose 3*a - 20 = 2*r + 24, -3*a = 2*r - 28. Calculate the highest common divisor of a and 30.
6
Suppose 5*t + 2*p = 205, 3*t + 3*p - 132 = -0*p. Let m be t/2 + 3/(-2). Calculate the highest common factor of m and 18.
18
Let f be ((-14)/(0 + 7))/((-2)/4). Let n(m) = 45*m**2 + 2*m + 1. Let k be n(-1). What is the highest common divisor of k and f?
4
Suppose 5*h = -2*f + 15 - 50, 5*h - 65 = 3*f. Let l be (f - 1)*(-4)/12. What is the greatest common factor of 7 and l?
7
Let v be 4 - (0/(-2) + -12). Calculate the greatest common divisor of 80 and v.
16
Suppose 4*w = -f, -3*w = 2*w + 5. Let i be (102/(-15))/(2/(-10)). Let k be (-2)/4 + i/4. Calculate the highest common divisor of k and f.
4
Let k = -50 + 82. Calculate the greatest common divisor of k and 80.
16
Let a(b) = b**3 - 3*b**2 + 2*b + 3. Let c be a(3). Suppose -18 = n - 3*n. Calculate the greatest common divisor of c and n.
9
Let j(m) = -m + 5*m**2 - 1 - 9*m**2 + 7*m**2. Let f be j(-1). What is the highest common factor of 1 and f?
1
Suppose -70 = 5*o + 5. Let i = o + 23. Calculate t